z*c - r - 38 = 0. List the prime factors of c.
2
Let z(y) be the third derivative of -y**5/60 + y**4/3 - 5*y**3/6 + 2*y**2. Suppose 2*i + 2*i = 20. What are the prime factors of z(i)?
2, 5
Let w be (-18)/(-3)*(-3 + 4). Let i = 3 + -5. Let a = w - i. What are the prime factors of a?
2
Let u(z) = -16 + 0 + 4*z - 4. What are the prime factors of u(14)?
2, 3
Suppose 0 = l + 2*l - 6. Suppose 4*c + k + 21 = 6*c, l*c + 3*k - 1 = 0. List the prime factors of c.
2
Let r = -18 + 20. Let g = 6 - 4. Suppose 46 = 5*p + 4*o, -g*o + r = -p - 0*o. List the prime factors of p.
2, 3
Suppose 5*u = 3*v - 52, -2*u = v - 7*u - 34. Suppose -9 = -2*a + v. What are the prime factors of a?
3
Let w be (-1)/(-3) - 4/12. Suppose w = -3*p - 3*s + 3, -3*p + 5 = -0*p + 5*s. Suppose y - 2*y + 6 = p. What are the prime factors of y?
2, 3
Let w(c) = 3*c**3 - 2*c**2 - 2*c - 3. Let u be w(-2). Let r = 72 + u. List the prime factors of r.
41
Let t(x) = -x**2 + 9*x + 10. Let o be t(9). Suppose 5*q = -0 + o. Suppose 2*a - q*b - 2 = 10, -3*a - b + 2 = 0. What are the prime factors of a?
2
Suppose -5*u + 1 + 39 = 0. What are the prime factors of u?
2
Let o(z) = -5*z - 17. List the prime factors of o(-7).
2, 3
Let w be (-432)/30 + (-4)/(-10). What are the prime factors of (w/(-8))/(2/16)?
2, 7
Let r = -1 - 1. Let t be -1 - 0 - (11 + r). Let h = t - -22. List the prime factors of h.
2, 3
Let r(m) = 19*m**2 - 10*m - 9. List the prime factors of r(-3).
2, 3
Suppose 0 = -2*c - 31 + 5. Let p(k) = -k**3 + 18. Let f be p(0). Let a = c + f. What are the prime factors of a?
5
List the prime factors of 8/(-36) - 1084/(-18).
2, 3, 5
Let a(k) be the second derivative of -k**4/24 + k**3 - 3*k**2/2 - 3*k. Let i(m) be the first derivative of a(m). What are the prime factors of i(0)?
2, 3
Suppose -22*h + 15*h + 812 = 0. List the prime factors of h.
2, 29
Let c(w) be the third derivative of -3*w**4/8 - 2*w**3/3 - 5*w**2. What are the prime factors of c(-2)?
2, 7
Suppose 0 = x - 6*x + 580. What are the prime factors of x?
2, 29
Suppose 0 = 2*z - 2. Let q be (1 + 2)*z + -13. Let k(r) = -2*r - 3. List the prime factors of k(q).
17
Let f(a) = a**3 - 3*a**2 + 7*a - 4. List the prime factors of f(5).
3
Let y be (35/(-28))/((-2)/8). Suppose -3*k - 5*j + 65 = 0, y + 3 = 2*j. List the prime factors of k.
3, 5
Let r(t) = t**3 + 9*t**2 + 5. Let q be r(-9). Let p be (0/(-2))/(-2 + q). Suppose p = -4*i - 0*i - v + 70, 3*v = -3*i + 48. What are the prime factors of i?
2, 3
Suppose -3*o = 14 + 7. Suppose 7 = -3*s - 5, 0 = 4*m + 4*s + 72. Let c = o - m. List the prime factors of c.
7
Let f = -24 - -7. Let u = 3 - f. Let i = 28 - u. List the prime factors of i.
2
Suppose 2*r + 9 = -2*s + 67, -4*s = -r - 116. List the prime factors of s.
29
Let t = -346 + 484. List the prime factors of t.
2, 3, 23
Let l(j) be the second derivative of j**6/120 - j**3/2 + 2*j. Let y(t) be the second derivative of l(t). List the prime factors of y(-1).
3
Let s be 2/5 - 46/(-10). Let g(k) = -k**2 + 8*k - 2. Let u be g(8). List the prime factors of (24/(-6))/(u/s).
2, 5
Let h = 378 - -62. List the prime factors of h.
2, 5, 11
Let a = 73 - -21. What are the prime factors of a?
2, 47
Let u(b) be the first derivative of -b**3/3 - 4*b**2 + 5*b - 5. What are the prime factors of u(-8)?
5
Suppose -4*q - 5*d - 23 = 0, 2*d = 4*q - 0*d + 2. Let w = 7 - q. What are the prime factors of w?
3
Suppose 12*t = 17*t - 940. List the prime factors of t.
2, 47
Let v = 9 - 5. Let i be v*(63/12)/(-3). Let j = 13 + i. What are the prime factors of j?
2, 3
Let q be 6/(-9) + (-256)/(-6). Let z be q/9 - (-2)/6. Suppose -3*x = -x + a - 13, -z*a + 5 = 0. What are the prime factors of x?
2, 3
Suppose -2*p = 3*p - 30. Let l(u) = 0 + 3*u - 2 - 4. What are the prime factors of l(p)?
2, 3
Let v be (-61 + 0)*(-6)/3. Let l be v/(-18) - (-8)/(-36). List the prime factors of (2/(-2))/(1/l).
7
Suppose -3*h - 12 = -6*h. Suppose -5*u = q - 5*q - 84, 60 = h*u + 4*q. What are the prime factors of u?
2
Suppose -5*c + a + 374 = 0, c - 226 = -2*c + a. What are the prime factors of c?
2, 37
Suppose 3*g + 800 = 7*g. What are the prime factors of g?
2, 5
Suppose g - 41 = d, 3*g = -2*d - 42 - 60. List the prime factors of ((-18)/15)/(2/d).
3
Let o = 98 - 68. List the prime factors of o.
2, 3, 5
Let m(l) = -l**3 + l**2 - l + 2. Let g be m(0). Suppose -1 = -o + g. What are the prime factors of o?
3
Let x(j) be the third derivative of j**5/60 + j**4/3 - 5*j**3/3 - 4*j**2. List the prime factors of x(-10).
2, 5
What are the prime factors of 131 - (-5)/(-15)*6?
3, 43
List the prime factors of (-910)/(-42) - (-2)/(-3).
3, 7
Let g = -18 - -20. Suppose -6 = -g*q + 10. What are the prime factors of q?
2
Suppose a - 24 = 16. Suppose -3*v - 7 = 4*r - 2, 5*v - 3*r = a. List the prime factors of v.
5
Suppose -o = -4*z - 2*o + 5, o - 5 = 0. Let r be (-1)/(1/(-49)) + z. Suppose -3*a + r = 4. List the prime factors of a.
3, 5
Let b be -3 + (-1 + 0)*21. Let j be -14 + (3 + -1 - 4). Let y = j - b. List the prime factors of y.
2
Let y be 4/14 + (-12)/(-7). Let a = 2 + y. Suppose 2*m - a*m + 3*d = -20, -m - 1 = 4*d. List the prime factors of m.
7
Let l(k) = -5*k - 22. What are the prime factors of l(-16)?
2, 29
Suppose 0*z + 4*h - 16 = z, -3*h = -15. Suppose -b + z = -24. Suppose m - b = -3*m. What are the prime factors of m?
7
Suppose 10 = -8*c + 3*c, 5*v = c + 22. List the prime factors of v.
2
Let u(j) = j + 1. Let t be u(0). Let n be (-1*t)/(-5 + 6). List the prime factors of (n/2 + 1)*22.
11
Let b(q) = q + 9. Let m = -4 - -4. Let w be b(m). What are the prime factors of 0 + (-2)/1 + w?
7
Suppose 3*y - 116 - 37 = 0. Let v = y - 26. List the prime factors of v.
5
Let v(o) = o**3 + 6*o**2 + 9*o + 8. List the prime factors of v(-4).
2
Let f be 2/(-11) + (-114)/(-22). Let m(o) = -o**2 + 10. Let v(t) = t**2 - t - 9. Let l(x) = -4*m(x) - 5*v(x). List the prime factors of l(f).
5
Suppose -19 = 5*s + 3*n - 6, 0 = 3*s + 5*n - 5. Let i = s - -8. What are the prime factors of i?
3
Suppose g + 153 = 3*j, -2*j - 5*g + g + 102 = 0. List the prime factors of j.
3, 17
Let h(p) = -p**3 + 23*p**2 - 14*p + 39. List the prime factors of h(22).
5, 43
Suppose 3*x + 38 = z, 3*z + 2*z - 228 = -4*x. What are the prime factors of z?
2, 11
Let q = 203 - 124. Let b = q + -18. Let l = b + -42. What are the prime factors of l?
19
Let i(g) = 65*g. List the prime factors of i(1).
5, 13
Let a(x) = x**3 + 14*x**2 + 12*x + 3. List the prime factors of a(-13).
2
Let n = 16 - 14. Suppose -v = -5*q - 33, -v + 3 = 3*q + n. List the prime factors of v.
13
Let q(b) = b**3 + 6*b**2 + 6*b + 5. Let f be q(-5). List the prime factors of (f - -4) + -2 + 2.
2
Suppose 5*s + 95 = -5*c, -2*c = 5*s - 0*s + 80. Suppose 6*d + 36 = 2*d. Let k = d - s. What are the prime factors of k?
5
Let j be 2/(-9) - (-190)/45. Let m(w) be the first derivative of w**2 - 4*w + 1. What are the prime factors of m(j)?
2
Suppose 13 = 2*f + f + 4*o, 4*f - o = -8. Let n be (-21)/6*4 + f. Let m = 24 + n. List the prime factors of m.
3
Suppose 10 = 2*o, -4*j + o + 9 = -2*j. What are the prime factors of 11 + 1 - 0/j?
2, 3
Let l(u) = u**2 - 5*u - 17. List the prime factors of l(11).
7
Suppose 9*r + 180 = i + 13*r, i - 5*r - 171 = 0. List the prime factors of i.
2, 11
Suppose -2*f - 4 = 8. Suppose -2*q + q = 75. What are the prime factors of 5*5/(q/f)?
2
What are the prime factors of (-2)/(-5) - 1784/(-40)?
3, 5
Let s be -13 - -1 - (5 - 3). Let v = 1 - s. What are the prime factors of v?
3, 5
Let n = 457 - 258. List the prime factors of n.
199
Let s(t) = -t**2 + 8*t. Let a be s(8). Suppose 6*i - 2*i - 132 = a. What are the prime factors of i?
3, 11
Let g(w) = -w**2 - 7*w + 2. Let n(v) = v**2 + 3*v**2 - v - 5*v**2. Let k be n(-3). List the prime factors of g(k).
2
Let r = -112 + 419. What are the prime factors of r?
307
Suppose -35 = -s - 5. List the prime factors of s.
2, 3, 5
Let j = -2 - -5. Suppose 0 = 2*m + 3*m + 15, -j*n - 5*m - 15 = 0. List the prime factors of -12*(-4 + n + 3).
2, 3
Let y = -7 - -19. What are the prime factors of y?
2, 3
Suppose -5*l - 23 = 2*u, -3*u - 13 - 31 = -2*l. Let x(j) = -j**3 - 14*j**2 - 4*j - 10. List the prime factors of x(u).
2, 23
Let r(x) = -2*x - 3. Let q be r(-3). Let j be q/(-6)*-2 + 8. What are the prime factors of -5 + j - (-1 + -1)?
